{"id":11,"date":"2023-12-02T13:33:59","date_gmt":"2023-12-02T13:33:59","guid":{"rendered":"https:\/\/flyawaycargo.com\/?page_id=11"},"modified":"2026-03-11T21:23:52","modified_gmt":"2026-03-11T21:23:52","slug":"inicio","status":"publish","type":"page","link":"https:\/\/flyawaycargo.com\/","title":{"rendered":"Inicio"},"content":{"rendered":"\n<div class=\"et_pb_section_0 et_pb_section et_section_regular et_block_section\"><div class=\"et_pb_row_0 et_pb_row et_pb_equal_columns et_block_row\"><div class=\"et_pb_column_0 et_pb_column et_pb_column_1_2 et_block_column et_pb_css_mix_blend_mode_passthrough\"><div class=\"et_pb_image_0 et_pb_image et_animated et_pb_module et_block_module\"><span class=\"et_pb_image_wrap\"><img loading=\"lazy\" decoding=\"async\" src=\"https:\/\/flyawaycargo.com\/wp-content\/uploads\/2023\/12\/fly-away-cargo-logo.png\" width=\"512\" height=\"512\" srcset=\"https:\/\/flyawaycargo.com\/wp-content\/uploads\/2023\/12\/fly-away-cargo-logo.png 512w, https:\/\/flyawaycargo.com\/wp-content\/uploads\/2023\/12\/fly-away-cargo-logo-480x480.png 480w\" sizes=\"(min-width: 0px) and (max-width: 480px) 480px, (min-width: 481px) 512px, 100vw\" class=\"wp-image-22\" title=\"fly-away-cargo-logo\" \/><\/span><\/div><div class=\"et_pb_cta_0 et_pb_promo et_pb_bg_layout_light et_animated et_pb_module et_block_module\"><div class=\"et_pb_promo_description\"><h1 class=\"et_pb_module_header\">Tu puente hacia el Comercio Internacional<\/h1><div class=\"et_pb_promo_content\"><p><span>Expertos en operaciones comerciales internacionales desde Estados Unidos, Turqu\u00eda, China, Panam\u00e1, M\u00e9xico y Guatemala; ofreciendo soluciones \u00e9ticas con servicio excepcional.<\/span><\/p>\n<\/div><\/div><div class=\"et_pb_button_wrapper\"><a class=\"et_pb_button et_pb_promo_button\" href=\"#catalogos-productos\">CAT\u00c1LOGOS DE PRODUCTOS<\/a><\/div><\/div><\/div><div class=\"et_pb_column_1 et_pb_column et_pb_column_1_2 et-last-child et_block_column et_pb_css_mix_blend_mode_passthrough\"><div class=\"et_pb_divider_0 et_pb_divider_hidden et_pb_space et_pb_divider_position_top et_pb_module\"><div class=\"et_pb_divider_internal\"><\/div><\/div><\/div><\/div><\/div><div class=\"et_pb_section_1 et_pb_section et_section_regular et_block_section\"><div class=\"et_pb_row_1 et_pb_row et_block_row et_animated\"><div class=\"et_pb_column_2 et_pb_column et_pb_column_4_4 et-last-child et_block_column et_pb_css_mix_blend_mode_passthrough\"><div class=\"et_pb_text_0 et_pb_text et_pb_bg_layout_light et_pb_module et_block_module et_pb_text_align_center\"><div class=\"et_pb_text_inner\"><h2 class=\"et_pb_module_header et-fb-editable-element et-fb-editable-element__editing\" data-shortcode-id=\"1.0.0.0-1515376821367\" contenteditable=\"true\">Conectando Calidad y Compromiso<\/h2>\n<p>Tu socio de confianza, servicio excepcional y productos destacados.<\/p>\n<\/div><\/div><\/div><\/div><div class=\"et_pb_row_2 et_pb_row et_block_row\"><div class=\"et_pb_column_3 et_pb_column et_pb_column_1_3 et_block_column et_pb_css_mix_blend_mode_passthrough\"><div class=\"et_pb_blurb_0 et_pb_blurb et_pb_bg_layout_light et_pb_text_align_center et_pb_blurb_position_top et_pb_module et_block_module\"><div class=\"et_pb_blurb_content\"><div class=\"et_pb_main_blurb_image\"><span class=\"et_pb_image_wrap et_pb_only_image_mode_wrap\"><img loading=\"lazy\" decoding=\"async\" src=\"https:\/\/flyawaycargo.com\/wp-content\/uploads\/2023\/12\/number-icons_1.png\" width=\"56\" height=\"56\" srcset=\"https:\/\/flyawaycargo.com\/wp-content\/uploads\/2023\/12\/number-icons_1.png 56w\" sizes=\"(max-width: 56px) 100vw, 56px\" class=\"wp-image-16\" \/><\/span><\/div><div class=\"et_pb_blurb_container\"><h4 class=\"et_pb_module_header\">Excelencia en Calidad<\/h4><div class=\"et_pb_blurb_description\"><p>Seleccionamos cuidadosamente productos premium para garantizar la calidad insuperable que distingue a Fly Away Cargo en cada env\u00edo.<\/p>\n<\/div><\/div><\/div><\/div><\/div><div class=\"et_pb_column_4 et_pb_column et_pb_column_1_3 et_block_column et_pb_css_mix_blend_mode_passthrough\"><div class=\"et_pb_blurb_1 et_pb_blurb et_pb_bg_layout_light et_pb_text_align_center et_pb_blurb_position_top et_pb_module et_block_module\"><div class=\"et_pb_blurb_content\"><div class=\"et_pb_main_blurb_image\"><span class=\"et_pb_image_wrap et_pb_only_image_mode_wrap\"><img loading=\"lazy\" decoding=\"async\" src=\"https:\/\/flyawaycargo.com\/wp-content\/uploads\/2023\/12\/number-icons_2.png\" width=\"56\" height=\"56\" srcset=\"https:\/\/flyawaycargo.com\/wp-content\/uploads\/2023\/12\/number-icons_2.png 56w\" sizes=\"(max-width: 56px) 100vw, 56px\" class=\"wp-image-17\" \/><\/span><\/div><div class=\"et_pb_blurb_container\"><h4 class=\"et_pb_module_header\">\u00c9tica Comercial Inquebrantable<\/h4><div class=\"et_pb_blurb_description\"><p><span>Operamos con integridad y transparencia, cumpliendo con las normativas para establecer una relaci\u00f3n de confianza y respeto mutuo.<\/span><\/p>\n<\/div><\/div><\/div><\/div><\/div><div class=\"et_pb_column_5 et_pb_column et_pb_column_1_3 et-last-child et_block_column et_pb_css_mix_blend_mode_passthrough\"><div class=\"et_pb_blurb_2 et_pb_blurb et_pb_bg_layout_light et_pb_text_align_center et_pb_blurb_position_top et_pb_module et_block_module\"><div class=\"et_pb_blurb_content\"><div class=\"et_pb_main_blurb_image\"><span class=\"et_pb_image_wrap et_pb_only_image_mode_wrap\"><img loading=\"lazy\" decoding=\"async\" src=\"https:\/\/flyawaycargo.com\/wp-content\/uploads\/2023\/12\/number-icons_3.png\" width=\"56\" height=\"56\" srcset=\"https:\/\/flyawaycargo.com\/wp-content\/uploads\/2023\/12\/number-icons_3.png 56w\" sizes=\"(max-width: 56px) 100vw, 56px\" class=\"wp-image-18\" \/><\/span><\/div><div class=\"et_pb_blurb_container\"><h4 class=\"et_pb_module_header\">Servicio al Cliente Excepcional<\/h4><div class=\"et_pb_blurb_description\"><p>Nuestro equipo altamente capacitado se compromete a superar tus expectativas, brindando atenci\u00f3n personalizada y soluciones eficientes en cada transacci\u00f3n.<\/p>\n<\/div><\/div><\/div><\/div><\/div><\/div><\/div><div class=\"et_pb_section_2 et_pb_section et_section_regular et_block_section\"><span class=\"et_pb_background_pattern\"><\/span><div class=\"et_pb_row_3 et_pb_row et_block_row et_animated\"><div class=\"et_pb_column_6 et_pb_column et_pb_column_4_4 et-last-child et_block_column et_pb_css_mix_blend_mode_passthrough\"><div class=\"et_pb_text_1 et_pb_text et_pb_bg_layout_light et_pb_module et_block_module et_pb_text_align_center\"><div class=\"et_pb_text_inner\"><h2 class=\"et_pb_module_header et-fb-editable-element et-fb-editable-element__editing\" data-shortcode-id=\"1.0.0.0-1515376821367\" contenteditable=\"true\">Cat\u00e1logos de Productos<\/h2>\n<p>Obtenga a trav\u00e9s de nosotros la informaci\u00f3n necesaria para acceder a una amplia selecci\u00f3n de productos de elevada calidad.<\/p>\n<\/div><\/div><\/div><\/div><div class=\"et_pb_row_4 et_pb_row et_block_row\"><div class=\"et_pb_column_7 et_pb_column et_pb_column_1_2 et_block_column et_pb_css_mix_blend_mode_passthrough\"><div class=\"et_pb_image_1 et_pb_image et_pb_module et_block_module\"><span class=\"et_pb_image_wrap\"><img loading=\"lazy\" decoding=\"async\" src=\"https:\/\/flyawaycargo.com\/wp-content\/uploads\/2025\/10\/fly-away-cargo-catalog-01.jpg\" width=\"1000\" height=\"650\" srcset=\"https:\/\/flyawaycargo.com\/wp-content\/uploads\/2025\/10\/fly-away-cargo-catalog-01.jpg 1000w, https:\/\/flyawaycargo.com\/wp-content\/uploads\/2025\/10\/fly-away-cargo-catalog-01-980x637.jpg 980w, https:\/\/flyawaycargo.com\/wp-content\/uploads\/2025\/10\/fly-away-cargo-catalog-01-480x312.jpg 480w\" sizes=\"(min-width: 0px) and (max-width: 480px) 480px, (min-width: 481px) and (max-width: 980px) 980px, (min-width: 981px) 1000px, 100vw\" class=\"wp-image-157\" title=\"fly-away-cargo-catalog-01\" \/><\/span><\/div><\/div><div class=\"et_pb_column_8 et_pb_column et_pb_column_1_2 et-last-child et_block_column et_pb_css_mix_blend_mode_passthrough\"><div class=\"et_pb_blurb_3 et_pb_blurb et_pb_bg_layout_light et_pb_blurb_position_left et_clickable et_pb_module et_block_module preset--module--divi-blurb--307c2a95-c6dc-466e-baba-1c141ac84774\"><div class=\"et_pb_blurb_content\"><div class=\"et_pb_main_blurb_image\"><span class=\"et_pb_image_wrap\"><span class=\"et-pb-icon et_animated et_animated\">\ue086<\/span><\/span><\/div><div class=\"et_pb_blurb_container\"><h4 class=\"et_pb_module_header\">DCA Tools<\/h4><div class=\"et_pb_blurb_description\"><p>Amplio cat\u00e1logo con herramientasde ferreter\u00eda de la marca DCA Tools. <strong>Clic para descargar...<\/strong><\/p>\n<\/div><\/div><\/div><\/div><div class=\"et_pb_blurb_4 et_pb_blurb et_pb_bg_layout_light et_pb_blurb_position_left et_clickable et_pb_module et_block_module preset--module--divi-blurb--307c2a95-c6dc-466e-baba-1c141ac84774\"><div class=\"et_pb_blurb_content\"><div class=\"et_pb_main_blurb_image\"><span class=\"et_pb_image_wrap\"><span class=\"et-pb-icon et_animated et_animated\">\ue086<\/span><\/span><\/div><div class=\"et_pb_blurb_container\"><h4 class=\"et_pb_module_header\">Nour<\/h4><div class=\"et_pb_blurb_description\"><p>Amplio cat\u00e1logo con una selecci\u00f3n variada de electrodom\u00e9sticos de la marca Nour. <strong>Clic para descargar...<\/strong><\/p>\n<\/div><\/div><\/div><\/div><div class=\"et_pb_blurb_5 et_pb_blurb et_pb_bg_layout_light et_pb_blurb_position_left et_clickable et_pb_module et_block_module preset--module--divi-blurb--307c2a95-c6dc-466e-baba-1c141ac84774\"><div class=\"et_pb_blurb_content\"><div class=\"et_pb_main_blurb_image\"><span class=\"et_pb_image_wrap\"><span class=\"et-pb-icon et_animated et_animated\">\ue086<\/span><\/span><\/div><div class=\"et_pb_blurb_container\"><h4 class=\"et_pb_module_header\">Milexus<\/h4><div class=\"et_pb_blurb_description\"><p>Electrodom\u00e9sticos, ferreter\u00eda y otra selecci\u00f3n variada de productos de la mano de Milexus. <strong>Clic para descargar...<\/strong><\/p>\n<\/div><\/div><\/div><\/div><\/div><\/div><\/div><div class=\"et_pb_section_3 et_pb_section et_section_regular et_block_section\"><div class=\"et_pb_row_5 et_pb_row et_block_row\"><div class=\"et_pb_column_9 et_pb_column et_pb_column_1_2 et_block_column et_pb_css_mix_blend_mode_passthrough\"><div class=\"et_pb_image_2 et_pb_image et_pb_module et_block_module\"><span class=\"et_pb_image_wrap\"><img loading=\"lazy\" decoding=\"async\" src=\"https:\/\/flyawaycargo.com\/wp-content\/uploads\/2023\/12\/fly-away-cargo-main-home-02.jpg\" width=\"950\" height=\"633\" srcset=\"https:\/\/flyawaycargo.com\/wp-content\/uploads\/2023\/12\/fly-away-cargo-main-home-02.jpg 950w, https:\/\/flyawaycargo.com\/wp-content\/uploads\/2023\/12\/fly-away-cargo-main-home-02-480x320.jpg 480w\" sizes=\"(min-width: 0px) and (max-width: 480px) 480px, (min-width: 481px) 950px, 100vw\" class=\"wp-image-46\" title=\"Fly Away Cargo\" \/><\/span><\/div><\/div><div class=\"et_pb_column_10 et_pb_column et_pb_column_1_2 et-last-child et_block_column et_pb_css_mix_blend_mode_passthrough\"><div class=\"et_pb_cta_1 et_pb_promo et_pb_bg_layout_dark et_pb_module et_block_module\"><div class=\"et_pb_promo_description\"><h2 class=\"et_pb_module_header\">\u00bfQu\u00e9 hacemos?<\/h2><div class=\"et_pb_promo_content\"><p>Simplificamos y potenciamos la experiencia de exportaci\u00f3n. Al contactarnos, nuestro equipo experto brinda asesoramiento personalizado y presenta una amplia gama de productos de alta calidad, cuidadosamente seleccionados para cumplir con los est\u00e1ndares m\u00e1s exigentes. Nos comprometemos a guiar a nuestros clientes a trav\u00e9s de todo el proceso, construyendo relaciones s\u00f3lidas y duraderas mientras trabajamos juntos para alcanzar el \u00e9xito comercial. Fly Away Cargo es m\u00e1s que una empresa exportadora; somos tu socio confiable en el mundo del comercio internacional.<\/p>\n<\/div><\/div><\/div><\/div><\/div><\/div><div class=\"et_pb_section_4 et_pb_section et_section_regular et_block_section\"><span class=\"et_pb_background_pattern\"><\/span><div class=\"et_pb_row_6 et_pb_row et_block_row et_animated\"><div class=\"et_pb_column_11 et_pb_column et_pb_column_4_4 et-last-child et_block_column et_pb_css_mix_blend_mode_passthrough\"><div class=\"et_pb_text_2 et_pb_text et_pb_bg_layout_light et_pb_module et_block_module et_pb_text_align_center\"><div class=\"et_pb_text_inner\"><h2 class=\"et_pb_module_header et-fb-editable-element et-fb-editable-element__editing\" data-shortcode-id=\"1.0.0.0-1515376821367\" contenteditable=\"true\"><span>Con\u00e9ctate con Nosotros<\/span><\/h2>\n<p>Complete el siguiente formulario y en breve le estaremos contactando<\/p>\n<\/div><\/div><\/div><\/div><div class=\"et_pb_row_7 et_pb_row et_block_row\"><div class=\"et_pb_column_12 et_pb_column et_pb_column_4_4 et-last-child et_block_column et_pb_css_mix_blend_mode_passthrough\"><div class=\"et_pb_contact_form_0 et_pb_contact_form_container clearfix et_pb_module et_flex_module\" data-form_unique_num=\"0\" data-form_unique_id=\"4f99efab-9c0a-4183-9aa5-c3754aeda5c1\" id=\"et_pb_contact_form_4f99efab-9c0a-4183-9aa5-c3754aeda5c1\"><div class=\"et-pb-contact-message\"><\/div><div class=\"et_pb_contact\"><form class=\"et_pb_contact_form et_flex_module\" method=\"post\" action=\"https:\/\/flyawaycargo.com\/index.php\/wp-json\/wp\/v2\/pages\/11\"><div class=\"et_pb_contact_field_0 et_pb_contact_field et_pb_module et_flex_module et_flex_column_12_24 et_flex_column_12_24_tablet et_flex_column_12_24_phone\" data-id=\"nombres\" data-type=\"input\"><label class=\"et_pb_contact_form_label\" for=\"et_pb_contact_0_nombres_0\">Nombres<\/label><input type=\"text\" name=\"et_pb_contact_0_nombres_0\" id=\"et_pb_contact_0_nombres_0\" class=\"input\" data-required_mark=\"required\" data-field_type=\"input\" data-original_id=\"nombres\" placeholder=\"Nombres\" title=\"\" value=\"\" \/><\/div><div class=\"et_pb_contact_field_1 et_pb_contact_field et_pb_module et_flex_module et_flex_column_12_24 et_flex_column_12_24_tablet et_flex_column_12_24_phone\" data-id=\"apellidos\" data-type=\"input\"><label class=\"et_pb_contact_form_label\" for=\"et_pb_contact_0_apellidos_1\">Apellidos<\/label><input type=\"text\" name=\"et_pb_contact_0_apellidos_1\" id=\"et_pb_contact_0_apellidos_1\" class=\"input\" data-required_mark=\"required\" data-field_type=\"input\" data-original_id=\"apellidos\" placeholder=\"Apellidos\" title=\"\" value=\"\" \/><\/div><div class=\"et_pb_contact_field_2 et_pb_contact_field et_pb_module et_flex_module et_flex_column_12_24 et_flex_column_12_24_tablet et_flex_column_12_24_phone\" data-id=\"email\" data-type=\"email\"><label class=\"et_pb_contact_form_label\" for=\"et_pb_contact_0_email_2\">Email Address<\/label><input type=\"text\" name=\"et_pb_contact_0_email_2\" id=\"et_pb_contact_0_email_2\" class=\"input\" data-required_mark=\"required\" data-field_type=\"email\" data-original_id=\"email\" placeholder=\"Email Address\" title=\"\" value=\"\" \/><\/div><div class=\"et_pb_contact_field_3 et_pb_contact_field et_pb_module et_flex_module et_flex_column_12_24 et_flex_column_12_24_tablet et_flex_column_12_24_phone\" data-id=\"telefono\" data-type=\"email\"><label class=\"et_pb_contact_form_label\" for=\"et_pb_contact_0_telefono_3\">Tel\u00e9fono<\/label><input type=\"text\" name=\"et_pb_contact_0_telefono_3\" id=\"et_pb_contact_0_telefono_3\" class=\"input\" data-required_mark=\"required\" data-field_type=\"email\" data-original_id=\"telefono\" placeholder=\"Tel\u00e9fono\" title=\"\" value=\"\" \/><\/div><div class=\"et_pb_contact_field_4 et_pb_contact_field et_pb_module et_flex_module et_flex_column_24_24 et_flex_column_24_24_tablet et_flex_column_24_24_phone\" data-id=\"mensaje\" data-type=\"text\"><label class=\"et_pb_contact_form_label\" for=\"et_pb_contact_0_mensaje_4\">Mensaje<\/label><textarea name=\"et_pb_contact_0_mensaje_4\" id=\"et_pb_contact_0_mensaje_4\" class=\"et_pb_contact_message input\" data-required_mark=\"required\" data-field_type=\"text\" data-original_id=\"mensaje\" placeholder=\"Mensaje\"><\/textarea><\/div><input type=\"hidden\" name=\"et_pb_contactform_submit_4f99efab-9c0a-4183-9aa5-c3754aeda5c1\" value=\"et_contact_proccess\" \/><div class=\"et_contact_bottom_container\"><div class=\"et_pb_button_wrapper\"><button type=\"submit\" name=\"et_builder_submit_button\" class=\"et_pb_button et_pb_contact_submit\">Contactar<\/button><\/div><\/div><input type=\"hidden\" id=\"_wpnonce-et-pb-contact-form-submitted-4f99efab-9c0a-4183-9aa5-c3754aeda5c1\" name=\"_wpnonce-et-pb-contact-form-submitted-4f99efab-9c0a-4183-9aa5-c3754aeda5c1\" value=\"c9b9e9a65b\" \/><input type=\"hidden\" name=\"_wp_http_referer\" value=\"\/index.php\/wp-json\/wp\/v2\/pages\/11\" \/><\/form><\/div><\/div><\/div><\/div><\/div><div class=\"et_pb_section_5 et_pb_section et_section_regular et_block_section\"><div class=\"et_pb_row_8 et_pb_row et_block_row\"><div class=\"et_pb_column_13 et_pb_column et_pb_column_4_4 et-last-child et_block_column et_pb_css_mix_blend_mode_passthrough\"><div class=\"et_pb_text_3 et_pb_text et_pb_bg_layout_light et_pb_module et_block_module et_pb_text_align_center\"><div class=\"et_pb_text_inner\"><p>Copyright \u00a9 2023 Fly Away Cargo. All rights reserved.<\/p>\n<\/div><\/div><\/div><\/div><\/div>\n","protected":false},"excerpt":{"rendered":"","protected":false},"author":1,"featured_media":0,"parent":0,"menu_order":0,"comment_status":"closed","ping_status":"closed","template":"","meta":{"footnotes":""},"class_list":["post-11","page","type-page","status-publish","hentry"],"_links":{"self":[{"href":"https:\/\/flyawaycargo.com\/index.php\/wp-json\/wp\/v2\/pages\/11","targetHints":{"allow":["GET"]}}],"collection":[{"href":"https:\/\/flyawaycargo.com\/index.php\/wp-json\/wp\/v2\/pages"}],"about":[{"href":"https:\/\/flyawaycargo.com\/index.php\/wp-json\/wp\/v2\/types\/page"}],"author":[{"embeddable":true,"href":"https:\/\/flyawaycargo.com\/index.php\/wp-json\/wp\/v2\/users\/1"}],"replies":[{"embeddable":true,"href":"https:\/\/flyawaycargo.com\/index.php\/wp-json\/wp\/v2\/comments?post=11"}],"version-history":[{"count":42,"href":"https:\/\/flyawaycargo.com\/index.php\/wp-json\/wp\/v2\/pages\/11\/revisions"}],"predecessor-version":[{"id":167,"href":"https:\/\/flyawaycargo.com\/index.php\/wp-json\/wp\/v2\/pages\/11\/revisions\/167"}],"wp:attachment":[{"href":"https:\/\/flyawaycargo.com\/index.php\/wp-json\/wp\/v2\/media?parent=11"}],"curies":[{"name":"wp","href":"https:\/\/api.w.org\/{rel}","templated":true}]}}